 0 = -2*z - 4, 0 = 2*d + z + 111 - 17. Let r = d + 96. List the prime factors of r.
2, 5
Let r be 75/4 - 2/(-8). Suppose 2*a - 4 = 5*m - r, 0 = -3*a. What are the prime factors of m?
3
Let f(m) = m**3 - m**2 - m + 1. Let n be f(-4). Let x = n - -105. Suppose -j + 2*w = 2*j - 20, -5*j + x = -5*w. List the prime factors of j.
2
Suppose 5*q - 9*q + 260 = 0. What are the prime factors of q?
5, 13
Let h(i) = -i**2 + 3*i + 3. Let d be h(3). Suppose 3*f = 5*u - 51, 2*f - d*f - 47 = -5*u. What are the prime factors of ((-42)/9)/((-2)/u)?
3, 7
What are the prime factors of 12/8 + (-47)/(-2)?
5
Suppose -k = 3*t - 4, 3*t + 3*k = 12 - 0. Suppose 5*w - 2*i - 114 = t, 0*w + 5*i = -4*w + 111. What are the prime factors of w?
2, 3
Suppose p - 6 = -p. Suppose 0 = 5*u - p*u - 12. What are the prime factors of u?
2, 3
Suppose -8*j - 10 = -7*j. Let c = 2 - j. List the prime factors of c.
2, 3
Let w(v) = v**2 + 4*v + 2. Suppose 3*h = 4*y + 47, 9*h - 70 = 4*h + 5*y. Let r = 5 - h. List the prime factors of w(r).
2
Suppose -4*u + 13 + 7 = 0. Suppose 0 = 2*j - 2 - 8. Suppose -j*o = u - 30. What are the prime factors of o?
5
Let m = 4 + -1. Suppose 0 = -m*r - 3*y + 18, -5 = 2*r + 3*r - 2*y. What are the prime factors of 2/((-4)/(-26)) - r?
2, 3
Let p(s) = s**3 - 3*s**2 + s + 1. Let v be p(3). List the prime factors of (192/80)/(v/30).
2, 3
What are the prime factors of ((-6)/(-10))/((-6)/(-990)*1)?
3, 11
List the prime factors of 63 - (9/(-3))/(-3).
2, 31
Let t be 4/(-3 + 31/11). List the prime factors of (t/3)/(18/(-27)).
11
Let q(o) = o**3 + 4*o**2 - o - 2. Let x be q(-4). Suppose x*b + 4 = -0*b. Let z = b + 4. What are the prime factors of z?
2
Let w = -3 - -8. What are the prime factors of 1*w*15/5?
3, 5
Let m be ((-84)/9)/(-2)*3/2. Let v(x) be the first derivative of 3*x**2/2 - 5*x - 1. List the prime factors of v(m).
2
Let q(a) = -a**3 - 4*a**2 - 4*a. Let m be q(-3). Suppose 4*p = 2*t - m*t + 17, 2*p = -5*t + 139. What are the prime factors of t?
29
Suppose 4*i - 5*i = -2. Suppose -3*w - i*v = -5*v - 27, 4*v + 16 = -w. What are the prime factors of w?
2
Suppose 0 = -5*b - 128 + 393. What are the prime factors of b?
53
Let v = 1 - -29. What are the prime factors of 246/v + 2/(-10)?
2
Let f be 1148/60 + (-4)/30. Suppose 3*d = f - 7, 0 = -2*j - d + 76. What are the prime factors of j?
2, 3
Let t = -37 + 53. What are the prime factors of t?
2
Let x(u) be the third derivative of u**5/20 - u**4/4 + u**3/2 - 4*u**2. What are the prime factors of x(4)?
3
Suppose -4*u = -30 - 6. List the prime factors of u.
3
Let p = 127 + -78. What are the prime factors of p?
7
Let x(o) = -o**2 + 5*o + 2. Let a be x(5). Suppose 3*b - 3 = -4*s, 6*s = a*b + s + 21. What are the prime factors of ((-12)/(-18))/((-1)/b)?
2
Suppose 0 = 5*o - 2*o - 15. Suppose -o*n = s + s - 22, 5*s = -5*n + 85. What are the prime factors of s?
3, 7
Suppose -k + 23 = -5*i, 2*k - k + 4*i - 5 = 0. What are the prime factors of k?
13
Let n = -31 + 62. List the prime factors of n.
31
Let r(c) = -6*c + 64. List the prime factors of r(-8).
2, 7
Let j be 3/(-2)*28/(-6). Suppose j*f = 8*f - 15. List the prime factors of f.
3, 5
Let w(t) = -t**3 - 6*t**2 - 3*t - 4. Let g be w(-6). Suppose 0 = i - g - 3. List the prime factors of i.
17
Suppose 3 = -3*y, 0*y = 5*q - 4*y - 14. Let s be (-21)/(-14)*q*-1. What are the prime factors of (0 + -12)*(-4 - s)?
2, 3
List the prime factors of (-198)/(-2) - (-10 + 9).
2, 5
Let o be (-3)/18 + 58/(-12). Let n be (-3)/(-4) + o/(-4). Suppose n*g - 4 = -0. List the prime factors of g.
2
Let l be -2*3/(-12)*46. Let b = -2 + l. List the prime factors of b.
3, 7
Let p(g) = -23*g + 11. List the prime factors of p(-6).
149
Let s = -3 + 178. What are the prime factors of s?
5, 7
Suppose 0 = 5*z - 3*o - 12, 5*o + 20 = -0*z - 4*z. Suppose -3*t - 2*h - 10 = z, 4*h - 3*h + 5 = -5*t. Suppose t*u - u = -4. What are the prime factors of u?
2
Let p(g) = -g**3 + 14*g**2 + 5*g + 12. What are the prime factors of p(14)?
2, 41
Let c(x) = 3*x**2 - 5*x - 27. What are the prime factors of c(-6)?
3, 37
Let a = -3 - -3. Suppose 5 = 3*t + 2*c, 5*t + a*c = 3*c + 21. Suppose -2*p = t*p - 30. List the prime factors of p.
2, 3
Let p = 61 + -39. Suppose m = 5*h + 3 - p, -3*h - 4*m = 7. Suppose -5*c = -h*n - 108, -2*c = -4*n - 51 + 5. List the prime factors of c.
3, 7
Let q be 12 + 0*4/(-8). Let f be -1 + 2 - 3*1. What are the prime factors of f + 4 + 0 + q?
2, 7
Suppose 777 = 13*r - 757. List the prime factors of r.
2, 59
Let b(h) = h**2 - 7*h - 1. Let o be b(7). Let z = -4 - o. What are the prime factors of ((-18)/z)/(6/16)?
2
Let r be (3 - 0)/(-3)*9. What are the prime factors of (-101)/r + 2/(-9)?
11
Suppose 38*d - 14 = 37*d. List the prime factors of d.
2, 7
Suppose f + 24 = -3*l - 3*f, -15 = 5*f. Let z(d) = -d**3 + 9*d**2 + 10*d + 1. Let x be z(10). What are the prime factors of (-1 - x - l) + 0?
2
Let h be (2/4)/(2/12). Let z be 60/14 - (-6)/(-21). Suppose h = v - z. List the prime factors of v.
7
Let i(z) = z**2 + z - 1. Let g be i(2). Let b = g - 2. What are the prime factors of (2 - 9/b)*-8?
2
Suppose 2*h + 2*h = 0. What are the prime factors of -5 - h - -2 - -35?
2
Suppose 5*b = 2*b + 12. Suppose -b*h - 65 = -5*t, -t - t - 5*h - 7 = 0. List the prime factors of 2/t - 115/(-9).
13
Let o(a) = a**3 - 4*a**2 + a - 1. Let k be o(4). Let i(v) = v**2 - v - 2. What are the prime factors of i(k)?
2
Let k be 8/8 - 2/(-2). Let j = k - -4. List the prime factors of j.
2, 3
Let n = 7 - 3. Let v(x) = -3*x + 1 - 4*x**2 + x**3 + 4*x + 2. What are the prime factors of v(n)?
7
What are the prime factors of -3 - (100*-1 + -1)?
2, 7
Suppose 2*n - 15 = 7. Let d = 6 - n. List the prime factors of 4/10 + (-8)/d.
2
Let h(j) = 29*j - 1. What are the prime factors of h(4)?
5, 23
Let z be 11 + 3/(6/(-4)). Let y be 3/6 + 17/2. Suppose -y = 3*d, 4*p = -4*d + z + 11. What are the prime factors of p?
2
Let h(q) = q**3 - 3*q**2 - 3*q. Let s be h(4). Suppose -5*d = 2*t, 3*d = 3*t - 25 + s. Suppose v + 5 = -a + t*a, 5*v = -5*a + 50. List the prime factors of v.
7
Let o = -1 - -4. Suppose -o*d = -l - 49, 0 = 5*d + 4*l - 8*l - 84. What are the prime factors of d?
2
Let q(z) be the first derivative of z**3/3 - 4*z**2 - 8*z + 8. What are the prime factors of q(12)?
2, 5
Suppose -3*k + 6*k - 159 = 0. Suppose -u - 5*m - k = -3*u, -5*u - m + 119 = 0. Suppose 3*h = -d + 5*d - 32, -3*d + u = 2*h. What are the prime factors of d?
2
Suppose 3*l = -3*z + 111 + 87, 3*l + z - 192 = 0. List the prime factors of l.
3, 7
Let v(o) = o**2 - 7*o + 6. Let n be v(6). List the prime factors of n - (-3)/((-9)/(-33)).
11
Let g(o) = 150*o**2 - o. List the prime factors of g(1).
149
Suppose 10*t - 800 = 340. What are the prime factors of t?
2, 3, 19
Let h = 95 + -14. What are the prime factors of h?
3
Suppose 22 = 4*r - 186. What are the prime factors of r?
2, 13
Let w = -76 + 129. List the prime factors of w.
53
Let y = 3 + -4. Let t be 7*(4/(-14))/y. Suppose -2*f + 16 = t. What are the prime factors of f?
7
Suppose u - 50 = -u. Suppose -15 = -2*r + u. Let n = r + -6. What are the prime factors of n?
2, 7
Let x be (3 + -24)*1/(-3). List the prime factors of (-16)/56*x*-1.
2
Suppose -4*g + 57 = 5*h, -4*h = 3*g + g - 56. What are the prime factors of g?
13
Let l = 4 - 4. Suppose l = -5*i + 3*x - 24 - 19, x = i + 9. What are the prime factors of (-9 - 0)/(12/i)?
2, 3
Let k = -82 - -127. What are the prime factors of k?
3, 5
Let v be 43/(-9) - (-4)/(-18). Let b = v + 7. What are the prime factors of b?
2
Let x be (-2 + -1)*91/21. Let a = 17 + x. List the prime factors of a.
2
Let k(c) = -c**2 + 7*c - 4. Let w be k(5). Let p(m) = -m**3 + 7*m**2 - 3*m - 5. What are the prime factors of p(w)?
13
Let k = 8 - 4. Let r(u) = u + 4. List the prime factors of r(k).
2
Let s(o) = -6*o - 5. List the prime factors of s(-5).
5
Let h(u) = 3 - 10 + u**3 + 21*u - 12*u + 11*u**2. Let x be h(-10). Suppose -x*r = 4*k - 63, 5*r = 2*k - 0*k + 1. List the prime factors of k.
2, 3
Let b = -2 + 4. Suppose 5*j - 5*u = 15, 4*j = u + b*u + 14. Suppose j*k - 7 = 4*k. What are the prime factors of k?
7
Let r(l) = -5*l. Let c(q) = -q + 1. Let z = 6 + -1. Let d be c(z). What are the prime factors of r(d)?
2, 5
Suppose -2*p + 5*q + 361 = 0, q + 15 = -2*q. What are the prime factors of p?
2, 3, 7
